 - r. What is the hundreds digit of s?
2
Let l = -84 - -82. Let m be (l/(-2) - 0) + 0. What is the units digit of (1*4/m)/2 + 61?
3
Let s(m) = 2*m**2 - 2*m + 3. Let a be s(2). Let x = -684 - 1185. What is the tens digit of 2/(a/(x/(-6)))?
8
Suppose -2*z + 0 = 8. Let x be (18/z)/((-3)/116). Suppose -2*p = -x + 32. What is the units digit of p?
1
Let t(w) = -2*w**3 - 3*w**2 - 50*w - 36. What is the units digit of t(-16)?
8
Suppose -2*r = 4*r - r. Suppose -5*k - q = 4*q - 610, r = k - 4*q - 107. Suppose 3*x = -k + 419. What is the units digit of x?
0
Suppose -2*t - 4 = 4*o - 2, -4*t = 5*o - 8. Suppose -92 = -2*y - 11*k + t*k, 202 = 5*y - 4*k. What is the tens digit of y?
4
Suppose -4*b = 2*v + 9 - 23, -v - 13 = -3*b. Suppose 7*i - 2*i + 117 = b*c, -15 = 3*i. Suppose -21*d + c*d = 326. What is the tens digit of d?
6
Let p = -3981 + 11890. What is the tens digit of p?
0
Let q = 158154 + -87294. What is the hundreds digit of q?
8
Let q(b) = -17*b - 25. Let m(o) = o + 4. Let r be m(2). Suppose -3*d = -d - 3*k + 24, 3*k - r = 0. What is the units digit of q(d)?
8
Suppose 24*o = 27*o - 6. Suppose 3*x - 5*q = 32 + 143, -4 = o*q. Suppose l + 29 = a, 0 = -5*a + l + 102 + x. What is the units digit of a?
2
Let c = -5793 + 10979. What is the thousands digit of c?
5
What is the tens digit of (-59)/(1593/(-367758)) - (-6)/(-9)?
2
Suppose 2*r + r - 12 = 0. Let f be (-1)/r - (-5553)/36. Let n = -57 + f. What is the units digit of n?
7
Suppose 3*i + 2*f = 14387, 0 = 4*f + 398 - 390. What is the hundreds digit of i?
7
Let d = 53939 + -13396. What is the hundreds digit of d?
5
Let o(k) be the first derivative of -1/2*k**2 + 98*k - 16. What is the units digit of o(0)?
8
Let p(r) = 37*r - 102*r + 35*r + 33*r - r**2 + 4 + 120*r**3. What is the tens digit of p(2)?
6
Suppose 0 = 3*f + 3*x - 489, 2*f + 646 = 6*f + 2*x. Let h be 12/(-9) + f/12. Let j(z) = -z + 41. What is the units digit of j(h)?
9
Let i(w) = -23*w - 54. Let o = 116 + -112. Suppose -t + 3*g - 21 = 0, -o*t - 2*g - 41 + 13 = 0. What is the hundreds digit of i(t)?
1
What is the units digit of (2 - (-2 - 11603)) + 13?
0
Let x(w) = 4*w**3 - 22*w**2 - 7*w - 11. Let g(s) = 9*s - 37. Let a be g(6). Suppose 14*z - a*z = 3*t - 33, -4*t + 5*z = -8. What is the units digit of x(t)?
4
Suppose 13*m = -4*m + 10642. Let g = -249 + m. What is the hundreds digit of g?
3
Let v(p) = -4*p - 7. Let r be v(-3). Let c be (0/3)/(15/r). Suppose -u + 5 + 39 = c. What is the tens digit of u?
4
Let i(n) = 1189*n + 96. What is the units digit of i(10)?
6
Suppose 0 = 65*h - 23*h - 282324. What is the thousands digit of h?
6
Suppose 1439 - 17671 = 3*c - 5*c. What is the hundreds digit of c?
1
Let g = -783 - -11415. What is the tens digit of g?
3
Suppose 4*l = 4*u - 309 - 139, -2*u - 2*l = -216. Let c = u - -303. What is the hundreds digit of c?
4
Let x(m) = 5*m - 1. Let w be x(1). Let f(y) = y**3 - 13*y**2 + 4*y. Let s be f(13). Let u = s + w. What is the units digit of u?
6
Suppose -8*h + 18*h = 12900. Let l = -898 + h. What is the tens digit of l?
9
Suppose 26*l + 27*l = 2*l + 1655460. What is the ten thousands digit of l?
3
Let n(v) = 15*v**2 - 8*v + 76. Let d be n(8). Suppose -d = -4*z - 8. What is the hundreds digit of z?
2
Let i(d) = -573*d**3 + 55*d - 1. What is the thousands digit of i(-3)?
5
Let c be 26/(-143) + -3*156/(-33). Suppose 2*o - 20 - c = 0. What is the units digit of o?
7
Let k(z) = -20*z - 2. Suppose 0 = o + 2*i + 8 + 10, 2*i = 2*o + 6. What is the tens digit of k(o)?
5
Suppose 0 = -3*u + 23*w - 27*w + 22591, 0 = 4*u + 3*w - 30112. What is the units digit of u?
5
Let t be (3/8*-10)/(5/500). Let y = -240 - t. What is the units digit of y?
5
Suppose -3*l + 14 = -13. Let w(f) = 46*f + 27. Let u(r) = 23*r + 13. Let g(c) = l*u(c) - 4*w(c). What is the hundreds digit of g(5)?
1
Suppose 0 = -5*z + 10*z - 580. Suppose -5*k - 128 = 2*n, -k = 2*n + 3*k + 126. Let s = n + z. What is the units digit of s?
7
Let i(k) = k**2 + 4*k - 69. Let b be i(-15). Suppose b = q - 97. What is the hundreds digit of q?
1
Suppose -d - 3*d = -3*u - 169, -4*d = 3*u - 175. Suppose -c - 1134 = -5*g + 36, 4*c = -4*g + 960. Suppose d*b - 38*b - g = 0. What is the tens digit of b?
4
Suppose -13*j = -17*j. Suppose j = 2*q + 8, -6*q + 1036 = 3*p - 7*q. What is the tens digit of p?
4
Suppose 3*x = -3*l + 48, 3*x + l - 30 - 20 = 0. Suppose -x*u + 55 = -98. Suppose u*b - 4*b = 55. What is the tens digit of b?
1
Let n(x) be the third derivative of 7*x**4/4 - 2*x**3/3 - 2*x**2 + x. What is the hundreds digit of n(4)?
1
Suppose -3*y + 2*c + 87161 = 0, 0 = -15*c + 10*c - 5. What is the ten thousands digit of y?
2
Let a(c) = -7*c**2 - 18*c - 28. Let n(v) = 3*v**2 + 9*v + 14. Let y(b) = -2*a(b) - 5*n(b). Let p be y(-8). What is the tens digit of (p/(-9))/(2/219)?
7
Let v be (260226/61)/((-6)/4). Let d = -1523 - v. What is the hundreds digit of d?
3
What is the thousands digit of 9/5*9/(-81)*-73065?
4
Let i(s) be the first derivative of 14*s**3/3 - s**2/2 - 14*s + 5. What is the hundreds digit of i(4)?
2
What is the units digit of ((-18)/81 - (-280)/855) + 749660/38?
8
Suppose 8 = 4*m - 0. Suppose -2*p = -m*t, 2*t + 5*p = p + 12. Suppose -t*h - 2*c + 148 = 0, -3*h + 6*h = 4*c + 194. What is the units digit of h?
0
Let v = -2427 + 6832. What is the units digit of v?
5
Let v(p) = -116*p - 21. Let r be v(-3). Let n = r - -109. Let x = n - 224. What is the tens digit of x?
1
Suppose -3*q = -4*s + 84998, 2*s + 2*s + 2*q = 85028. What is the ten thousands digit of s?
2
Suppose r - 9 - 1 = 0. Let j(y) = -y**2 + y + 129. Let b(z) = z**2 - z - 112. Let w(k) = 7*b(k) + 6*j(k). What is the units digit of w(r)?
0
Suppose y - 2 = -4*z - 14, -3*z = -4*y + 9. Suppose -o - 5 = -n, -o + 2*o - 2*n + 3 = y. What is the tens digit of (684/42)/((-1)/o)?
1
Suppose 0 = -32*x - 98*x + 68*x + 194866. What is the tens digit of x?
4
Let w(a) = a - 28. Let d be w(-21). Let s = d + 54. Suppose -920 = -s*j + j + 4*o, -o = j - 236. What is the hundreds digit of j?
2
Let h(d) = 3*d**2 + 12*d - 7. Let x(z) = z - 1. Let a(f) = h(f) - 2*x(f). Let m be a(-8). What is the units digit of 1/(5/m) - (-4)/(-10)?
1
Suppose 14*s - 48198 = 47758. What is the tens digit of s?
5
Suppose -5*h + 2*h = 9, -75076 = -8*m - 4*h. What is the units digit of m?
6
Let m = 47990 - 33628. What is the hundreds digit of m?
3
Let n = 109 + -103. Suppose 2*s + s + n = 3*u, 4*s - 10 = -2*u. What is the tens digit of (s + -7)*6/((-48)/268)?
0
Let m be 22041/(-12) - 18/(-96)*4. Let i = -508 - m. What is the tens digit of i?
2
Suppose -1909*a + 1913*a + 310179 = 5*m, 4*a = -2*m + 124094. What is the hundreds digit of m?
0
Let z(l) = l**3 + 34*l**2 + 2*l + 74. What is the units digit of z(-28)?
2
Let x(n) = 7*n - 113. Let w be x(19). Suppose -4*g = g + w, 0 = 3*h - 5*g - 4247. What is the units digit of h?
9
Let p = -861 - -2944. What is the tens digit of p?
8
Suppose -328*q = -321*q - 35336. What is the hundreds digit of q?
0
Suppose -2*l = 4*p - 2404, -1803 = -3*p - 0*p + 3*l. What is the tens digit of p?
0
Suppose -3*r + 4050 = 3*r. Suppose o + 244 - r = 0. What is the tens digit of o?
3
Let q be 1 + -2 + (-4 - 2)/3. Let u be q + (8 - -4)/(-1). What is the units digit of u/5*(-388)/12?
7
Let b be 0 - (1 - 5) - (3 + 1). Suppose b = -r - 2*g - 14, 0*r = 4*r - g + 11. What is the hundreds digit of 152 + 4 + 0 + r?
1
Let g(r) = 2*r**3 + 38*r**2 - 19*r - 36. Let h(o) = -2*o**3 - 37*o**2 + 18*o + 35. Let l(b) = 2*g(b) + 3*h(b). What is the units digit of l(-18)?
9
Let i(w) = -2686*w - 150. What is the tens digit of i(-7)?
5
Suppose 5*l + 5*y = -0*l + 490, 200 = 2*l + y. Suppose -8*f + 702 = l. Suppose 8*g - 1085 = f. What is the hundreds digit of g?
1
Let w be 4/16 - 5/20. Suppose 21*x - 26*x + 5510 = w. What is the thousands digit of x?
1
Let z = -310 - -477. Let i = 259 - z. What is the units digit of i?
2
Suppose -84*g + 1596 = -81*g. Let y = g + -153. What is the units digit of y?
9
Let r = 792 + -1748. What is the thousands digit of -14*10/(80/r)?
1
Let j be ((-8)/40 - (-2)/10)/(-2). Let f(s) = j*s - 19 - 97*s**2 + 99*s**2 - 11*s. What is the tens digit of f(11)?
0
Suppose 19*n = -20*n - 86259 + 575358. What is the thousands digit of n?
2
Let i = 29637 - 3043. What is the ten thousands digit of i?
2
Suppose -49*r + 43*r 